{"id":63,"date":"2025-05-10T22:13:44","date_gmt":"2025-05-10T20:13:44","guid":{"rendered":"http:\/\/abcih.fr\/?page_id=63"},"modified":"2026-04-07T17:13:21","modified_gmt":"2026-04-07T15:13:21","slug":"services-2","status":"publish","type":"page","link":"https:\/\/abcih.fr\/?page_id=63","title":{"rendered":"Tarifs des prestations"},"content":{"rendered":"\n<div class=\"wp-block-columns is-layout-flex wp-container-core-columns-is-layout-9d6595d7 wp-block-columns-is-layout-flex\">\n<div class=\"wp-block-column is-layout-flow wp-block-column-is-layout-flow\" style=\"flex-basis:100%\">\n<div class=\"wp-block-columns is-layout-flex wp-container-core-columns-is-layout-9d6595d7 wp-block-columns-is-layout-flex\">\n<div class=\"wp-block-column is-layout-flow wp-block-column-is-layout-flow\" style=\"flex-basis:100%\">\n<div class=\"wp-block-columns is-layout-flex wp-container-core-columns-is-layout-9d6595d7 wp-block-columns-is-layout-flex\">\n<div class=\"wp-block-column is-layout-flow wp-block-column-is-layout-flow\" style=\"flex-basis:100%\">\n<p> <br> <\/p>\n<\/div>\n<\/div>\n<\/div>\n<\/div>\n<\/div>\n<\/div>\n\n\n\n\n\n<ul class=\"wp-block-list\">\n<li class=\"has-kubio-color-8-color has-text-color has-link-color wp-elements-ae8897d056b3c548be6447e711ee5c77\"><strong>NB <\/strong>:  Nous sommes assujettis \u00e0 la TVA 20%<br>\n<ul class=\"wp-block-list\">\n<li>Nos tarifs pour les <strong>Entreprises <\/strong>sont exprim\u00e9s en <strong>HT, la TVA de 20% est \u00e0 rajouter *<br><\/strong><\/li>\n\n\n\n<li>Nos tarifs pour les <strong>Particuliers s<\/strong>ont exprim\u00e9s en <strong>TTC, la TVA est incluse<\/strong><\/li>\n<\/ul>\n<\/li>\n<\/ul>\n\n\n\n<h2 class=\"wp-block-heading has-kubio-color-3-color has-text-color has-link-color wp-elements-9a9870be3b85382d64acba7a9dde5ba8\"><br> Coaching Individuel<\/h2>\n\n\n\n<figure class=\"wp-block-table\"><table class=\"has-kubio-color-8-color has-text-color has-link-color\"><thead><tr><th class=\"has-text-align-left\" data-align=\"left\">Type de Coaching<\/th><th class=\"has-text-align-center\" data-align=\"center\">S\u00e9ances<\/th><th class=\"has-text-align-center\" data-align=\"center\">Tarifs HT  <br> la s\u00e9ance<\/th><th class=\"has-text-align-center\" data-align=\"center\">Tarifs HT   <br>Pack 6 s\u00e9ances<\/th><th class=\"has-text-align-left\" data-align=\"left\">Cible<\/th><\/tr><\/thead><tbody><tr><td class=\"has-text-align-left\" data-align=\"left\"><strong>Solidaire<\/strong> <br><em>(Code : Csol)<\/em><\/td><td class=\"has-text-align-center\" data-align=\"center\">1 \u00e0 6<\/td><td class=\"has-text-align-center\" data-align=\"center\"><em>Nous consulter<\/em><\/td><td class=\"has-text-align-center\" data-align=\"center\"><strong>Tarif pr\u00e9f\u00e9rentiel<\/strong><br><em>Nous consulter<\/em><\/td><td class=\"has-text-align-left\" data-align=\"left\">Particulier en recherche ou transition<\/td><\/tr><tr><td class=\"has-text-align-left\" data-align=\"left\"><strong>Standard<\/strong> <br><em>(Code :Csta)<\/em><\/td><td class=\"has-text-align-center\" data-align=\"center\">1 \u00e0 6<\/td><td class=\"has-text-align-center\" data-align=\"center\"><strong>150 \u20ac HT<\/strong> *<\/td><td class=\"has-text-align-center\" data-align=\"center\"><strong>900 \u20ac HT<\/strong> *<\/td><td class=\"has-text-align-left\" data-align=\"left\">Actifs, Solo-preneur, Artisan &#8230;<\/td><\/tr><tr><td class=\"has-text-align-left\" data-align=\"left\"><strong>Dirigeants,<\/strong> <strong>Solo preneur<\/strong><br><em>(Code : Cdir)<\/em><\/td><td class=\"has-text-align-center\" data-align=\"center\">1 \u00e0 6<\/td><td class=\"has-text-align-center\" data-align=\"center\"><strong>200 \u20ac HT<\/strong> *<\/td><td class=\"has-text-align-center\" data-align=\"center\"><strong>1.200\u20ac HT<\/strong> *<\/td><td class=\"has-text-align-left\" data-align=\"left\">Premium, Start-up, TPE<\/td><\/tr><tr><td class=\"has-text-align-left\" data-align=\"left\"><strong>VIP <\/strong><em>Comex \/ Codir<\/em><br><em>(Code : Cvip)<\/em><\/td><td class=\"has-text-align-center\" data-align=\"center\">1 \u00e0 6<\/td><td class=\"has-text-align-center\" data-align=\"center\"><strong>325 \u20ac HT<\/strong> *<\/td><td class=\"has-text-align-center\" data-align=\"center\"><strong>1.950\u20ac HT<\/strong> *<\/td><td class=\"has-text-align-left\" data-align=\"left\">Dirigeant PME, Codir\/Comex<\/td><\/tr><\/tbody><\/table><\/figure>\n\n\n\n<p class=\"has-kubio-color-8-color has-text-color has-link-color wp-elements-0fbe13e7ecb1bdffe990be5e74618ac8\"><strong>S\u00e9ances \u00e0 la carte ou en pack. Paiement \u00e0 la s\u00e9ance (particuliers) ou contrat avec acompte \u00e0 la signature (entreprises)<\/strong><\/p>\n\n\n\n<h2 class=\"wp-block-heading has-kubio-color-3-color has-text-color has-link-color wp-elements-cc0c4cf091faea56a4fe2594e34dbf6d\"><br>\ud83e\udded Packs mixtes : Coaching + Conseil + Management ou Formation<\/h2>\n\n\n\n<figure class=\"wp-block-table\"><table class=\"has-kubio-color-8-color has-text-color has-link-color\"><thead><tr><th class=\"has-text-align-left\" data-align=\"left\">Nos Packs sont modulable sur demande<\/th><th class=\"has-text-align-center\" data-align=\"center\">S\u00e9ances<\/th><th class=\"has-text-align-center\" data-align=\"center\">Tarifs \u00e0<br> la s\u00e9ance<\/th><th class=\"has-text-align-center\" data-align=\"center\">Tarifs des<br>Packs<\/th><th class=\"has-text-align-left\" data-align=\"left\">Cible<\/th><\/tr><\/thead><tbody><tr><td class=\"has-text-align-left\" data-align=\"left\">Pack <strong>SOLIDAIRE-10<\/strong><br><em>6 s\u00e9ances de coaching + 4 de conseil<\/em> <em>(Code : Ps10)<\/em><\/td><td class=\"has-text-align-center\" data-align=\"center\">10<\/td><td class=\"has-text-align-center\" data-align=\"center\">190\u20ac HT *<\/td><td class=\"has-text-align-center\" data-align=\"center\"><strong>1.900\u20ac HT<\/strong> *<\/td><td class=\"has-text-align-left\" data-align=\"left\">Entrepreneur de TPE<br> <\/td><\/tr><tr><td class=\"has-text-align-left\" data-align=\"left\">Pack <strong>VIP-12<\/strong> <em>La qu\u00eate d&rsquo;excellence<\/em><br><em>4 s\u00e9ances de coaching + 4 de conseil en<\/em><br><em>Management + 4 de Formation<\/em> <em>(Code : Pv12)<\/em><\/td><td class=\"has-text-align-center\" data-align=\"center\">12<\/td><td class=\"has-text-align-center\" data-align=\"center\">325\u20ac HT *<\/td><td class=\"has-text-align-center\" data-align=\"center\"><strong>3.900\u20ac HT<\/strong> *<\/td><td class=\"has-text-align-left\" data-align=\"left\">Dirigeant de PME <\/td><\/tr><\/tbody><\/table><\/figure>\n\n\n\n<p class=\"has-kubio-color-8-color has-text-color has-link-color wp-elements-a5b01971227fa126381573dbfda8a05c\"><strong>Accompagnement global sur mesure, m\u00ealant strat\u00e9gie, management de transition et d\u00e9veloppement personnel<\/strong><\/p>\n\n\n\n<h2 class=\"wp-block-heading has-kubio-color-3-color has-text-color has-link-color wp-elements-5f68e825baef69a55e512eba2c6923a5\"><br>\ud83d\udcca Conseil Strat\u00e9gique<\/h2>\n\n\n\n<figure class=\"wp-block-table\"><table class=\"has-kubio-color-8-color has-text-color has-link-color\"><thead><tr><th>Offre<\/th><th class=\"has-text-align-center\" data-align=\"center\">Format<\/th><th class=\"has-text-align-center\" data-align=\"center\">Dur\u00e9e<\/th><th class=\"has-text-align-center\" data-align=\"center\">Tarifs<\/th><th>Cible<\/th><\/tr><\/thead><tbody><tr><td>\u201cD\u00e9blocage <strong>Patron D\u00e9bord\u00e9<\/strong>\u201d <br><em>(Code : Aexp)<\/em><\/td><td class=\"has-text-align-center\" data-align=\"center\">1 th\u00e9matique cibl\u00e9e<\/td><td class=\"has-text-align-center\" data-align=\"center\">1\/2 jr<\/td><td class=\"has-text-align-center\" data-align=\"center\"><strong>890\u20ac HT<\/strong> *<\/td><td>TPE, Commer\u00e7ant, Association<\/td><\/tr><tr><td>\u201cD\u00e9blocage <strong>Patron D\u00e9bord\u00e9 ++<\/strong>\u201d <br><em>(Code : Astr)<\/em><\/td><td class=\"has-text-align-center\" data-align=\"center\">1 th\u00e9matique approfondie<\/td><td class=\"has-text-align-center\" data-align=\"center\">1\/2 jr<\/td><td class=\"has-text-align-center\" data-align=\"center\"><strong>1.390\u20ac HT<\/strong> *<\/td><td>Start-up, TPE, PME<\/td><\/tr><tr><td>Etude compl\u00e8te sur mesure<br><em>(Code : Asur)<\/em><\/td><td class=\"has-text-align-center\" data-align=\"center\">En sus du Pack VIP<\/td><td class=\"has-text-align-center\" data-align=\"center\">Variable<\/td><td class=\"has-text-align-center\" data-align=\"center\"><strong>Sur devis<\/strong> *<\/td><td>Toute taille d&rsquo;entreprise <\/td><\/tr><\/tbody><\/table><\/figure>\n\n\n\n\n\n<h2 class=\"wp-block-heading has-kubio-color-3-color has-text-color has-link-color wp-elements-8ffa4aceb8a526f2a95f9c97cae9b916\"><br>\ud83c\udf93 Formation Professionnelle<\/h2>\n\n\n\n<figure class=\"wp-block-table\"><table class=\"has-kubio-color-8-color has-text-color has-link-color\"><thead><tr><th>Intitul\u00e9<\/th><th class=\"has-text-align-center\" data-align=\"center\">Format<\/th><th class=\"has-text-align-center\" data-align=\"center\">Dur\u00e9e<\/th><th class=\"has-text-align-center\" data-align=\"center\">Tarif<\/th><th>Cible<\/th><\/tr><\/thead><tbody><tr><td>Formation Flash, <em>\u00ab\u00a0<strong>M\u00e0j du Manager-Coach<\/strong>\u00ab\u00a0<\/em><br><em>(Code :Ffla)<\/em><\/td><td class=\"has-text-align-center\" data-align=\"center\">Coaching Formation<\/td><td class=\"has-text-align-center\" data-align=\"center\">1\/2 jr<\/td><td class=\"has-text-align-center\" data-align=\"center\"><strong>1.190\u20ac HT<\/strong> *<\/td><td>Cadre, Manager<\/td><\/tr><tr><td>\u00c9tude personnalis\u00e9e du Cahier des Charges<br><em>En sus de la Formation Flash<\/em>.<br><em>(Code : Fcdc)<\/em><\/td><td class=\"has-text-align-center\" data-align=\"center\">Sur demande, \u00e0 partir de : <\/td><td class=\"has-text-align-center\" data-align=\"center\">1\/2 jr<\/td><td class=\"has-text-align-center\" data-align=\"center\"><strong>Sur devis<\/strong> *<\/td><td>RH \/ Dirigeant<\/td><\/tr><\/tbody><\/table><\/figure>\n\n\n\n\n\n\n\n<h2 class=\"wp-block-heading has-kubio-color-3-color has-text-color has-link-color wp-elements-2d4ed5ef45972688f88c777dc66bb629\"><br>\ud83d\udccb Modalit\u00e9s &amp; Paiement<\/h2>\n\n\n\n<ul class=\"wp-block-list\">\n<li class=\"has-kubio-color-8-color has-text-color has-link-color wp-elements-4deb7f8e96857815a87c3d909d019cc2\"><strong>Particuliers<\/strong> : Paiement \u00e0 la s\u00e9ance. Uniquement en Esp\u00e8ces ou virement instantan\u00e9. Facture sur demande<\/li>\n\n\n\n<li class=\"has-kubio-color-8-color has-text-color has-link-color wp-elements-a13f7b445219ba52cc934b79057eec8a\"><strong>Entreprises<\/strong> : Contrat bilat\u00e9ral ou tripartite. Virement en 1 fois \u00e0 la signature ou 50% \u00e0 la signature + solde avant la 1\u00e8re s\u00e9ance<\/li>\n\n\n\n<li class=\"has-kubio-color-8-color has-text-color has-link-color wp-elements-8bd57ef30a82c0ac7d7173a979acb947\"><strong>Toutes nos prestations sont assujetties \u00e0 la TVA 20%<\/strong><\/li>\n\n\n\n<li class=\"has-kubio-color-8-color has-text-color has-link-color wp-elements-c5b95531eebd46b45b44710cc4da9c4d\"><strong>Frais de mission (D\u00e9placement, repas, etc)<\/strong> : Les frais engag\u00e9s seront factur\u00e9s en suppl\u00e9ment sur la facture finale. <\/li>\n<\/ul>\n\n\n\n\n\n\n\n<h1 class=\"wp-block-heading has-kubio-color-3-color has-text-color has-link-color wp-elements-71bb857088c449528c07fbfb1fff50bb\">Une question ou un besoin d\u2019un devis personnalis\u00e9 ?<\/h1>\n\n\n\n<p class=\"has-text-align-left has-kubio-color-8-color has-text-color has-link-color has-medium-font-size wp-elements-ac92dc27f0e9eecf0e431abd5f73a7d2\">Contactez nous par t\u00e9l\u00e9phone \/ WhatsApp \/ E-mail<\/p>\n\n\n\n<p class=\"has-text-align-left has-kubio-color-8-color has-text-color has-link-color has-medium-font-size wp-elements-c8de2114f66f34cb1b3ce03fccb2916e\"><strong>+33 (0) 6 72 46 74 40<\/strong> &#8211;  <strong>isabelle.heilmann@abcih.fr<\/strong> <br><br>\ud83d\udcde et r\u00e9servez un appel d\u00e9couverte offert et sans engagement de 30 min<\/p>\n","protected":false},"excerpt":{"rendered":"<p>Coaching Individuel Type de Coaching S\u00e9ances Tarifs HT la s\u00e9ance Tarifs HT Pack 6 s\u00e9ances Cible Solidaire (Code : Csol) 1 \u00e0 6 Nous consulter Tarif pr\u00e9f\u00e9rentielNous consulter Particulier en recherche ou transition Standard (Code :Csta) 1 \u00e0 6 150 \u20ac HT * 900 \u20ac HT * Actifs, Solo-preneur, Artisan &#8230; Dirigeants, Solo preneur(Code : [&hellip;]<\/p>\n","protected":false},"author":1,"featured_media":0,"parent":0,"menu_order":0,"comment_status":"closed","ping_status":"closed","template":"full-width","meta":{"saved_in_kubio":true,"om_disable_all_campaigns":false,"_monsterinsights_skip_tracking":false,"_monsterinsights_sitenote_active":false,"_monsterinsights_sitenote_note":"","_monsterinsights_sitenote_category":0,"footnotes":""},"class_list":["post-63","page","type-page","status-publish","hentry"],"kubio_ai_page_context":{"short_desc":"","purpose":"general"},"_links":{"self":[{"href":"https:\/\/abcih.fr\/index.php?rest_route=\/wp\/v2\/pages\/63","targetHints":{"allow":["GET"]}}],"collection":[{"href":"https:\/\/abcih.fr\/index.php?rest_route=\/wp\/v2\/pages"}],"about":[{"href":"https:\/\/abcih.fr\/index.php?rest_route=\/wp\/v2\/types\/page"}],"author":[{"embeddable":true,"href":"https:\/\/abcih.fr\/index.php?rest_route=\/wp\/v2\/users\/1"}],"replies":[{"embeddable":true,"href":"https:\/\/abcih.fr\/index.php?rest_route=%2Fwp%2Fv2%2Fcomments&post=63"}],"version-history":[{"count":28,"href":"https:\/\/abcih.fr\/index.php?rest_route=\/wp\/v2\/pages\/63\/revisions"}],"predecessor-version":[{"id":676,"href":"https:\/\/abcih.fr\/index.php?rest_route=\/wp\/v2\/pages\/63\/revisions\/676"}],"wp:attachment":[{"href":"https:\/\/abcih.fr\/index.php?rest_route=%2Fwp%2Fv2%2Fmedia&parent=63"}],"curies":[{"name":"wp","href":"https:\/\/api.w.org\/{rel}","templated":true}]}}